{"id":228,"date":"2024-02-12T19:31:46","date_gmt":"2024-02-12T19:31:46","guid":{"rendered":"https:\/\/gaelscoilshliabhrua.ie\/?page_id=228"},"modified":"2024-02-18T20:26:51","modified_gmt":"2024-02-18T20:26:51","slug":"triu-teanga","status":"publish","type":"page","link":"https:\/\/gaelscoilshliabhrua.ie\/en\/triu-teanga\/","title":{"rendered":"A Third Language"},"content":{"rendered":"<div data-elementor-type=\"wp-page\" data-elementor-id=\"228\" class=\"elementor elementor-228\" data-elementor-post-type=\"page\">\n\t\t\t\t\t\t<section data-particle_enable=\"false\" data-particle-mobile-disabled=\"false\" class=\"elementor-section elementor-top-section elementor-element elementor-element-991c5a4 elementor-section-boxed elementor-section-height-default elementor-section-height-default\" data-id=\"991c5a4\" data-element_type=\"section\" data-e-type=\"section\" data-settings=\"{&quot;background_background&quot;:&quot;classic&quot;}\">\n\t\t\t\t\t\t<div class=\"elementor-container elementor-column-gap-default\">\n\t\t\t\t\t<div class=\"elementor-column elementor-col-50 elementor-top-column elementor-element elementor-element-69a78d5\" data-id=\"69a78d5\" data-element_type=\"column\" data-e-type=\"column\" data-settings=\"{&quot;background_background&quot;:&quot;classic&quot;}\">\n\t\t\t<div class=\"elementor-widget-wrap elementor-element-populated\">\n\t\t\t\t\t\t<div class=\"elementor-element elementor-element-0219d3e elementor-widget elementor-widget-heading\" data-id=\"0219d3e\" data-element_type=\"widget\" data-e-type=\"widget\" data-widget_type=\"heading.default\">\n\t\t\t\t<div class=\"elementor-widget-container\">\n\t\t\t\t\t<h2 class=\"elementor-heading-title elementor-size-default\">A Third Language<\/h2>\t\t\t\t<\/div>\n\t\t\t\t<\/div>\n\t\t\t\t<div class=\"elementor-element elementor-element-6c8251f elementor-widget elementor-widget-text-editor\" data-id=\"6c8251f\" data-element_type=\"widget\" data-e-type=\"widget\" data-widget_type=\"text-editor.default\">\n\t\t\t\t<div class=\"elementor-widget-container\">\n\t\t\t\t\t\t\t\t\t<p>We are collaborating with the Department of Education in UCD, providing work placements for students registered for the B.Ed with Irish and Modern Languages \u200b\u200bProgramme.<\/p><p>Students from this course will do a school placement in Gaelscoil Shliabh Rua with 5th and 6th classes. A language project will be completed during this placement. One class will do French and the other will do Spanish. The trainee teachers will plan and lead language activities with the children.<\/p>\t\t\t\t\t\t\t\t<\/div>\n\t\t\t\t<\/div>\n\t\t\t\t\t<\/div>\n\t\t<\/div>\n\t\t\t\t<div class=\"elementor-column elementor-col-50 elementor-top-column elementor-element elementor-element-2f0bd5b\" data-id=\"2f0bd5b\" data-element_type=\"column\" data-e-type=\"column\">\n\t\t\t<div class=\"elementor-widget-wrap elementor-element-populated\">\n\t\t\t\t\t\t<div class=\"elementor-element elementor-element-89501aa elementor-widget elementor-widget-shortcode\" data-id=\"89501aa\" data-element_type=\"widget\" data-e-type=\"widget\" data-widget_type=\"shortcode.default\">\n\t\t\t\t<div class=\"elementor-widget-container\">\n\t\t\t\t\t\t\t<div class=\"elementor-shortcode\"><script src=\"https:\/\/static.elfsight.com\/platform\/platform.js\" data-use-service-core defer><\/script>\n<div class=\"elfsight-app-8ea44cc2-d591-4430-bbe4-82c100e3da0f\" data-elfsight-app-lazy><\/div><\/div>\n\t\t\t\t\t\t<\/div>\n\t\t\t\t<\/div>\n\t\t\t\t<div class=\"elementor-element elementor-element-dc2006f elementor-widget elementor-widget-heading\" data-id=\"dc2006f\" data-element_type=\"widget\" data-e-type=\"widget\" data-widget_type=\"heading.default\">\n\t\t\t\t<div class=\"elementor-widget-container\">\n\t\t\t\t\t<h2 class=\"elementor-heading-title elementor-size-default\"> <\/h2>\t\t\t\t<\/div>\n\t\t\t\t<\/div>\n\t\t\t\t\t<\/div>\n\t\t<\/div>\n\t\t\t\t\t<\/div>\n\t\t<\/section>\n\t\t\t\t<\/div>","protected":false},"excerpt":{"rendered":"<p>Tri\u00fa Teanga T\u00e1imid ag comhoibri\u00fa leis an Roinn Oideachais i UCD, ag cur socr\u00fach\u00e1in oibre ar f\u00e1il do mhic l\u00e9inn at\u00e1 cl\u00e1raithe don B.Ed le Gaeilge agus Cl\u00e1r Nuatheangacha. D\u00e9anfaidh dalta\u00ed \u00f3n gc\u00farsa seo socr\u00fach\u00e1n scoile i nGaelscoil Shliabh Rua le ranganna 5 agus 6. Cuirfear tionscadal teanga i gcr\u00edch le linn an tsocr\u00fach\u00e1in seo. [&hellip;]<\/p>\n","protected":false},"author":1,"featured_media":0,"parent":0,"menu_order":0,"comment_status":"closed","ping_status":"closed","template":"","meta":{"_wpcom_ai_launchpad_about_page":false,"_wpcom_ai_launchpad_gallery_page":false,"_wpcom_ai_launchpad_contact_page":false,"_wpcom_ai_launchpad_events_page":false,"_wpcom_ai_launchpad_video_page":false,"_wpcom_ai_launchpad_portfolio_piece":false,"footnotes":""},"class_list":["post-228","page","type-page","status-publish","hentry"],"_links":{"self":[{"href":"https:\/\/gaelscoilshliabhrua.ie\/en\/wp-json\/wp\/v2\/pages\/228","targetHints":{"allow":["GET"]}}],"collection":[{"href":"https:\/\/gaelscoilshliabhrua.ie\/en\/wp-json\/wp\/v2\/pages"}],"about":[{"href":"https:\/\/gaelscoilshliabhrua.ie\/en\/wp-json\/wp\/v2\/types\/page"}],"author":[{"embeddable":true,"href":"https:\/\/gaelscoilshliabhrua.ie\/en\/wp-json\/wp\/v2\/users\/1"}],"replies":[{"embeddable":true,"href":"https:\/\/gaelscoilshliabhrua.ie\/en\/wp-json\/wp\/v2\/comments?post=228"}],"version-history":[{"count":13,"href":"https:\/\/gaelscoilshliabhrua.ie\/en\/wp-json\/wp\/v2\/pages\/228\/revisions"}],"predecessor-version":[{"id":588,"href":"https:\/\/gaelscoilshliabhrua.ie\/en\/wp-json\/wp\/v2\/pages\/228\/revisions\/588"}],"wp:attachment":[{"href":"https:\/\/gaelscoilshliabhrua.ie\/en\/wp-json\/wp\/v2\/media?parent=228"}],"curies":[{"name":"wp","href":"https:\/\/api.w.org\/{rel}","templated":true}]}}

<p>Triú Teanga Táimid ag comhoibriú leis an Roinn Oideachais i UCD, ag cur socrúcháin oibre ar fáil do mhic léinn atá cláraithe don B.Ed le Gaeilge agus Clár Nuatheangacha. Déanfaidh daltaí ón gcúrsa seo socrúchán scoile i nGaelscoil Shliabh Rua le ranganna 5 agus 6. Cuirfear tionscadal teanga i gcrích le linn an tsocrúcháin seo. [&hellip;]</p>
